35 - 4905)?
19
Calculate (0 - -7) + -268 + 392 - (8 - 29).
152
Evaluate -5 + (-1 - 9) - (82 - 84).
-13
Calculate 4 + (4 - 6) + (3 - -7) + (-3436 - -3534).
110
What is 36 + (0 - 0) + 4027 + -4008?
55
What is 2 - ((-9 - (-48 - -35)) + (-50 - -2))?
46
Evaluate 1 + 58 + (5 - (31 + (-16 - (20 + -20)))).
49
Calculate 9 - (40 - (42 + -32)) - (7 + 1).
-29
Evaluate (-19 - 2) + 4 + 25 + 82 + -56.
34
Calculate 10 + -12 + 26 + (24 - 11).
37
What is 45 + -2 + (125 - 134)?
34
-1 - 1 - 35 - (-74 + 74 - (-8 + 12))
-33
Evaluate -91 + 178 - 73 - (-1 - -24).
-9
Calculate 20 + -33 - (-6 - -35).
-42
Calculate 67 + -87 + -46 - -20.
-46
What is (22 - (-70 + 48)) + -59?
-15
What is the value of -4 - (8 + (8 - (-10 - -13)))?
-17
What is (-16 - (20 - (-10 - -52))) + 73 - 10?
69
What is the value of -7 + -12 + (23 - (31 + -15 - 1))?
-11
Evaluate 23 + (8 - 16) + 17 + -14.
18
Evaluate -25 + 63 - (8 - -8) - 19.
3
What is the value of (-14 + 29 - 18) + 22 + -5 + -10?
4
What is the value of (12 - 16) + -28 - -63 - -67?
98
Evaluate 66 + -17 + (-61 - -16).
4
What is the value of -10 - -112 - (427 + -210)?
-115
What is the value of (22 - (44 + -1) - 5) + 11?
-15
What is the value of -1 - -7 - -1 - (-11 + 33)?
-15
What is 299 - 351 - (83 - 11)?
-124
Evaluate 150 + -155 + 23 + 0 - 12.
6
What is 1 + 25 - (-56 - -53 - (-1 - -8))?
36
(21 + (2 - 21) - (12 - (-1 + 3))) + 41
33
What is (-137 - -74) + 105 - (-21 + 12)?
51
(-9 - (-7 + 30)) + 106 + -101
-27
Evaluate (4 - -32 - 0) + (-55 + -16 - -59).
24
83 - (14 + -2 + (-109 - -91)) - (-7 + 4)
92
What is -36 - (18 + -2 + 15 + (-167 - -157))?
-57
What is the value of 7 - (54 - 49) - (2 - 1)?
1
Evaluate -21 + (-10 - (94 + -103)).
-22
What is the value of -39 + -42 - -45 - 4?
-40
Evaluate -687 + 650 - (2 - 40).
1
Calculate (-91 + 264 - 70) + -63.
40
What is the value of -1 - ((7 + -15 - -13) + -16) - (1 - 8)?
17
What is the value of (-1 - -7) + -74 + (-120 - -182)?
-6
What is -127 - ((-4 - -15 - 15) + -6) - -18?
-99
Calculate -119 + (1 - -29) + (-75 - (-99 - -43)).
-108
Evaluate 3 - (-41 + 32 - (-6 - (-7 - -5))).
8
What is -51 - ((9 - (-26 - -7)) + -20)?
-59
-3 + 13 - (-3 + (0 - (13 + -18)) + 5)
3
Evaluate (-494 + 436 - (-4 - -3 - (4 - 0))) + 8.
-45
-70 + 55 + (9 - -52)
46
Evaluate -9 + -19 - (-103 + (-12 - 63)).
150
Calculate -4 - (12 - 2) - (-16 - -23 - 14).
-7
What is 212 + -88 + 8 + -208?
-76
Evaluate -12 - (29 + (16 - 13 - (1 + 10))).
-33
What is the value of 6 - (4 - ((9 - 0) + -9 + -1))?
1
Calculate (-401 - -316) + (1 - -13) - -5.
-66
Calculate 6 + 44 + (472 - 476).
46
What is the value of -17 - 3 - (-105 - (-119 + -37))?
-71
1 - -2 - ((8 - 35) + 46) - -51
35
What is (6 - (-13 + 8)) + -46 + (6 - -1)?
-28
What is the value of 65 + 22 + -21 - (0 - (2 + -7))?
61
Calculate 121 + (-77 - (22 - 59)).
81
Evaluate 36 - (-54 - -49 - (-14 - 5)) - -11.
33
Evaluate (-71 - (-121 - -70)) + 116.
96
What is (-21 - 96) + (-160 - -309)?
32
What is the value of 213 + -204 - (2 + 99 + (-5 + -6 - -4))?
-85
What is the value of -18 - (-18 - -1) - (59 + (-12 - -4))?
-52
Calculate -22 - -17 - 10 - -10 - -26.
21
Evaluate (-2 + -1 - (-1721 + 1661)) + 12.
69
Evaluate (67 - (-50 + 229)) + (-3 - -9) + (1 - -1).
-104
What is -1492 + 1496 + (61 - 1 - (5 - 2)) - 11?
50
Calculate 4 + ((7 - (-3 - -10) - 24) + -2 - 0).
-22
17 + -53 + (9 + -34 - -9)
-52
Evaluate (1 - -49 - (16 - (14 + 1))) + 17 + -20.
46
Calculate -11 + ((4 - 6) + -1 - (3 + -2)) - 108.
-123
Evaluate -57 - (6 + (-3 - (12 + -5) - (-33 - -32))).
-54
Calculate 20 - (5 + (10 - -3) - 11 - 17).
30
What is the value of 0 + -2 + 53 + 3 - (-13049 + 13054)?
49
Evaluate (5 + -5 - -4) + -20 - (-21 - (0 + -22)).
-17
Evaluate -1 + 10 + -30 + 11 + -16 + 10.
-16
What is the value of -6 + -6 + 11 + 0 + -9 + 19?
9
Calculate (53 - 0 - -30) + -8 - -3.
78
What is -214 - (-128 + 54) - -251?
111
Evaluate 0 - (85 + -131 + 35 + (-127 - -1)).
137
Calculate 225 + 15 + (91 - 220).
111
What is 78 + (57 - 311) - -125?
-51
What is the value of 47 + -7 + 34 + -25?
49
Calculate (-7 - -1 - -1) + 62 + 19 + -83.
-7
Evaluate ((-3 - -6) + -79 - -88) + (61 + -1 - -1).
73
Calculate (-12 - -29) + -1 + -35.
-19
Calculate -86 + (26 + 1 - (376 - 365)).
-70
Calculate -4 - (9 - (37 + -24)) - -54.
54
Calculate 4 + -104 + (23 + -44 - -35).
-86
2 - 68 - (202 - 281)
13
(-85 - -17) + (-8 - (-5 - (-2 - (11 - 8))))
-76
-56 + 1 + (27 - 18) + 0
-46
(-4 - (9 + -14) - (5 - -1)) + (69 - 88)
-24
What is the value of -4 + (7 - 4) + 6 + (-18 - 8)?
-21
What is 63 + -33 + -65 + 67?
32
Calculate (2 - 18) + -4 + 30 + -4 + 76.
82
Calculate 5 + 0 - 0 - (-3 - (-14 - (0 - 16))).
10
What is the value of 23 - (54 + -74 + (1 - -23))?
19
What is (18 - (-10 + 14) - -29) + 4?
47
Calculate (177 - 174) + -1 + 8 - -10 - 8 - -10.
22
Calculate -1038 + 1088 + 0 + 2 + -6 + 1 + 12.
59
What is -28 + -24 + 61 - (2 - -16)?
-9
What is (-3204 - -3182) + (4 - (-3 + 12))?
-27
What is the value of 0 + -55 - -137 - (-30 - -10)?
102
What is (0 - 11) + 32 + -3 + (-14 - 24)?
-20
What is -16 + 69 + -35 + -4 + 2?
16
What is -86 + (65 - -47) - -18?
44
What is the value of (7 - 3) + -1 + -9 - (23 + -27) - -90?
88
Evaluate 23 + 0 - (71 - 4 - 43).
-1
(14 + -39 + 8 - -30) + (1 - 2) + 12
24
What is the value of (-65 - 10) + 82 - 74?
-67
Evaluate 3 + -23 + 0 - (-578 - -568).
-10
(159 - 145) + -1 + -20 + 0 + 4
-3
What is 30 + 2 + (-81 - -182) - (-2 + -10 + 0)?
145
What is the value of 88 + (-347 - -350) + 0 + 5?
96
-4 - (31 + 13) - ((-1 - -2) + -8)
-41
What is 7 - 3 - -43 - (11 + -65 + 72)?
29
Evaluate (50 - 25 - (-13 + 13 + 12)) + 19 + 0.
32
Calculate 1 + -6 - (-15 - 1) - (-434 - -446).
-1
(3 - -55) + -5 - (-38 - -53) - -9
47
(-15 - (-7 - 6)) + -5 + 14
7
What is the value of (-37 - -48) + 89 + -4 - 39?
57
Calculate 1159 + -1197 - (-5 - -2 - 1 - (-2 - -3)).
-33
Calculate (-388 - -356) + -32 + 2.
-62
What is -108 - (-99 + (63 - 66))?
-6
Calculate 61 + 0 + -50 + -12 + -1 + (1 - -27).
26
3 + (-5 - -3 - (-4 - -14)) + -32
-41
What is (6 + 5 - (-14 + 10)) + -31?
-16
What is 1 + 26 - (51 - -135 - 188)?
29
What is -27 + (-28 - -83) + (3 - (2 - 4))?
33
What is the value of -24 + 150 + -57 + (-1 - 13)?
55
What is 7 + -47 + 34 + 25 + -108?
-89
What is the value of -22 + -19 + 6 + -11 + 0 + 1 + 15?
-30
What is the value of 43 - 152 - -11 - -46?
-52
What is (72 - 1) + (9 + -1 - (16 - 31 - -16))?
78
What is (-7 - 2) + 52 + -18 + 6 + 9 + 8?
48
-68 + (32 - ((6 - (32 - 10)) + 27))
-47
53 + 2 + 52 + -56 + 7
58
Evaluate 24 + -36 + 9 - (-4 + 6 - 77).
72
What is -4 - ((57 + -227 - -114) + (3 - 1))?
50
What is the value of -6 + (-6 - ((27 - 13) + -19 - -3))?
-10
-41 - ((-122 - -125) + (-15 - -1))
-30
Calculate 16 + 9 + 8 + -22 + 10.
21
Calculate (9 + -14 - (-1 - 69)) + (-555 - -542).
52
Calculate 17 + (-43 - (2 + -34)) + (-2 - 4).
0
What is the value of 0 - ((-20 + 45 - 55) + 31 + (0 - 80))?
79
What is the value of 17 - 56 - ((-1 - -3) + (9 - -6) + -20)?
-36
Calculate -65 - (-27 + -23) - -37.
22
Evaluate (-27 + 33 - -19) + -1.
24
53 + (57 - 117) - ((2 - 0) + -1)
-8
Evaluate -1 - -6 - (-17 - (-16 - -31 - -28)).
65
What is the value of -35 + 49 - ((-58 - 30) + (-1 - -1)) - 2?
100
What is 35 - ((4 - 10) + (9 - 16) + 13)?
35
-45 + 59 + -2 + 4 - (57 - 33)
-8
What is (2 - (2 - (1 + 1))) + 54 + (-66 - -90)?
80
(-37 - (-41 - -51)) + (2 - 5)
-50
Calculate 248 - 127 - ((7 - 5) + 19 - 3).
103
Calculate -93 + (-37 - -33 - -159).
62
(1 + 1 - -11 - (-261 - -263)) + 61
72
What is the value of 31 + -96 + 27 + 20?
-18
-7 + 24 + -36 + (15 - -25)
21
What is the value of (-2 + 2 - 0) + 10 + -2654 + 2672?
28
What is the value of (-85 - -29) + (8 - -13) + -20?
-55
Evaluate 66 - (154 + -82) - (42 + -2).
-46
What is the value of 16 - 5 - (-45 - -12 - -36)?
8
7 + 45 - -88 - 90
50
Evaluate 2 + 2 - 39 - (-356 + 228).
93
What is 72 - (36 - -25) - (1 - -9) - 55?
-54
Evaluate ((14 - (24 + -40)) + -28 - (-1 + -1)) + 46.
50
Calculate -7 + -20 + 15 + (25 - 9).
4
73 - 30 - (-8 + 56)
-5
What is the value of -10 - (-1 + -9 - (-596 - -680))?
84
What is -14 - (-35 - (-9 + -10 - 16))?
-14
Evaluate -150 + 84 + 103 - (1 - 19).
55
3 - (4 + -30 + 18) - 14 - -87
84
What is (-46 - -56 - 3) + -4 + 8 + 19?
30
Evaluate -3 + -4 + (-2 - -8 - 6) + 35 + -143.
-115
Evaluate 2 + 29 - (43 + -135 - -100).
23
What is the value of 0 + 0 - 4 - -34 - ((-9 - 31) + 36)?
34
Evaluate 18 